14) to base 7.
154141440
11961406 (base 10) to base 9
24450861
What is 110101101010010 (base 2) in base 12?
13a96
Convert -2194672 (base 11) to base 2.
-1110101010000000010111
29a0346 (base 13) to base 7
220614241
Convert -2752dd (base 15) to base 16.
-1cd962
What is 122112002100122 (base 3) in base 2?
100011100001011000100001
Convert -100001010000010 (base 2) to base 7.
-100432
What is -a2258 (base 16) in base 5?
-132223102
1241605 (base 11) to base 5
1022414124
Convert 28856 (base 16) to base 2.
101000100001010110
What is 116271 (base 10) in base 4?
130120233
Convert 12202102121211 (base 3) to base 5.
1240344323
What is 6e1d8 (base 15) in base 13?
c3c5c
1140105 (base 7) to base 6
3031110
Convert 5241337 (base 9) to base 15.
3a55bd
-ad441c (base 15) to base 7
-130156002
What is 13b26 (base 12) in base 7?
143163
What is -aa30 (base 12) in base 7?
-105453
Convert -11042134321 (base 5) to base 15.
-10d5ae1
Convert 4043451 (base 6) to base 11.
1217aa
Convert -1211222102200 (base 3) to base 16.
-f02b8
-14996934 (base 10) to base 16
-e4d5c6
Convert 12210000221002 (base 3) to base 10.
3071225
What is -929822 (base 13) in base 15?
-478492
Convert -111001010010000101001 (base 2) to base 7.
-21645254
Convert -400152 (base 9) to base 14.
-621a4
4178058 (base 11) to base 12
256b665
What is -3310451 (base 6) in base 12?
-7b427
-1011202002202 (base 3) to base 14
-1239c7
What is -521455310 (base 6) in base 15?
-bd97c6
-31042530 (base 7) to base 2
-1001111010011110110010
-1011731 (base 11) to base 15
-254d79
Convert 12311221230 (base 4) to base 11.
1014905
Convert -11011001110011 (base 2) to base 15.
-41e4
What is -22a9248 (base 11) in base 16?
-3d6663
-11011011000100110110001 (base 2) to base 6
-413510333
Convert 9291 (base 14) to base 2.
110001001111111
What is 354b9 (base 13) in base 12?
48508
What is -b0121 (base 15) in base 9?
-1038214
-201121022 (base 4) to base 5
-13334103
Convert -104121410 (base 6) to base 5.
-440030344
107366 (base 8) to base 9
55174
143441 (base 9) to base 7
514045
-291054 (base 11) to base 12
-19b565
-dd02d2 (base 16) to base 2
-110111010000001011010010
Convert 3222a50 (base 12) to base 5.
4413031134
-7c927 (base 15) to base 4
-1200322021
Convert 302e82 (base 16) to base 5.
1302021014
1421017 (base 8) to base 3
202102100111
2112260 (base 9) to base 11
702124
What is -407643 (base 8) in base 11?
-92536
What is -18da (base 16) in base 13?
-2b85
930846 (base 10) to base 16
e341e
What is -4131204322 (base 5) in base 16?
-8116ba
11001101010111100 (base 2) to base 3
12100020101
Convert -201112023 (base 4) to base 2.
-100001010110001011
-1e18cd (base 16) to base 12
-7b1551
Convert -11177e (base 16) to base 15.
-171d51
-1094352 (base 10) to base 3
-2001121011120
What is -442d8 (base 16) in base 10?
-279256
Convert 12b560 (base 12) to base 13.
ab1c2
What is -4c0cc0 (base 14) in base 15?
-369b58
What is -15adb2 (base 16) in base 12?
-586216
What is -347370 (base 11) in base 6?
-15453042
2729893 (base 11) to base 16
47e96a
-991497 (base 15) to base 9
-14647047
-17a648 (base 11) to base 12
-1147b6
124332 (base 7) to base 11
16437
Convert -7321615 (base 8) to base 2.
-111011010001110001101
Convert 144257 (base 8) to base 12.
25893
What is -20021201210220 (base 3) in base 15?
-45ed49
What is -13418c (base 15) in base 13?
-265101
119c2 (base 15) to base 3
2212002202
What is 200203102233 (base 4) in base 14?
11c1a7d
What is 451631 (base 8) in base 12?
742a1
11001010111011011111 (base 2) to base 3
1120020012011
80587 (base 11) to base 4
130301010
454112 (base 6) to base 9
57718
What is -13023237 (base 8) in base 6?
-142003411
2065142 (base 7) to base 8
753152
Convert -99b326 (base 12) to base 9.
-4536633
What is 400427 (base 8) in base 7?
1054643
18776078 (base 9) to base 3
122212120002122
Convert 3012230 (base 6) to base 8.
424732
Convert 501376 (base 8) to base 14.
43db8
-5733010 (base 11) to base 6
-555013253
Convert 1cbe9 (base 15) to base 7.
540345
What is -2048608 (base 9) in base 3?
-2001122200022
-10010101010000100010 (base 2) to base 7
-5124253
91427 (base 14) to base 11
219492
bbd6d (base 16) to base 10
769389
-40985 (base 11) to base 15
-12a81
10011101011001010 (base 2) to base 10
80586
What is 4348265 (base 11) in base 15?
a0d5b7
Convert -110100000110111010 (base 2) to base 3.
-101211202222
Convert 923641 (base 10) to base 9.
1656887
-72b066 (base 12) to base 8
-6700216
-34137 (base 11) to base 12
-24714
What is 20102221002022 (base 3) in base 4?
31003303112
1562356 (base 7) to base 16
34f84
What is 11200220110122 (base 3) in base 14?
490451
Convert ac37b6 (base 14) to base 10.
5848996
What is -375401 (base 11) in base 15?
-ba98a
Convert 4032140 (base 6) to base 4.
232220130
-272721 (base 9) to base 3
-22102210201
What is -121112012010 (base 3) in base 16?
-4f698
What is 7071301 (base 9) in base 2?
1110010111101011001011
What is -10110010011011011 (base 2) in base 8?
-262333
What is -194648 (base 13) in base 11?
-3a6546
Convert 705131 (base 10) to base 6.
23040255
1130515330 (base 6) to base 3
212210002202200
-10111111010011101 (base 2) to base 12
-48825
26b14 (base 15) to base 12
5b90a
-152709 (base 10) to base 15
-303a9
Convert 101100101 (base 2) to base 16.
165
What is -7938 (base 15) in base 13?
-b912
Convert -581031 (base 10) to base 3.
-1002112000200
7c3893 (base 14) to base 8
20120651
101001012 (base 3) to base 4
1302122
What is -7228688 (base 9) in base 4?
-32231310221
What is 100000111010100110 (base 2) in base 6?
2520102
-30a1c5 (base 15) to base 12
-936165
Convert 1790736 (base 10) to base 12.
724380
37f71e (base 16) to base 7
43114061
-56764 (base 11) to base 4
-110002330
Convert 46a97 (base 13) to base 16.
1f8d8
Convert 1a75848 (base 11) to base 13.
953714
What is -26a1c (base 16) in base 2?
-100110101000011100
What is 4182773 (base 9) in base 2?
1000100010101110100000
Convert -100010101001011 (base 2) to base 5.
-1031424
What is 376340 (base 8) in base 3?
20121200220
What is -10110111000000001000 (base 2) in base 12?
-301948
What is -155545453 (base 6) in base 4?
-30303303021
120bc5 (base 13) to base 8
1510543
What is -500598 (base 10) in base 12?
-201846
-458073 (base 13) to base 9
-3077356
What is 8aa81 (base 14) in base 4?
1102033021
What is 100425225 (base 6) in base 2?
110100010100100110001
Convert -10102013 (base 6) to base 10.
-288153
854bb (base 16) to base 11
343225
What is 1013835 (base 9) in base 6?
15332005
What is -10135424 (base 6) in base 7?
-2326522
2ccb9 (base 13) to base 10
85666
323320134 (base 5) to base 8
5222305
What is 17562242 (base 8) in base 11?
2365817
80b852 (base 12) to base 6
111033342
What is 4a932b (base 16) in base 7?
56353542
Convert -2f63f (base 16) to base 3.
-100212021022
What is 311001002122 (base 4) in base 15?
1347d57
What is -32bb7c (base 16) in base 5?
-1322343141
Convert -1112000344 (base 5) to base 7.
-26565154
Convert -adfc2 (base 16) to base 3.
-1100012120011
What is 11c2a41 (base 13) in base 14?
a456c3
-10411140 (base 5) to base 4
-112110130
3a0a62 (base 11) to base 12
2650a1
Convert -2825a (base 12) to base 3.
-2211100021
Convert -8536613 (base 9) to base 2.
-10001011100000011000000
Convert -19d36b6 (base 14) to base 11.
-72a7147
-2134241311 (base 5) to base 12
-165b72a
What is -1447a80 (base 11) in base 4?
-21132223100
Convert 13194a (base 11) to base 2.
110010101001011000
Convert 203332332 (base 4) to base 8.
437676
Convert -22303143 (base 5) to base 13.
-6ba5a
Convert 1333414200 (base 5) to base 11.
1a26493
-1402321201 (base 5) to base 11
-200aa31
Convert -3340403330 (base 5) to base 2.
-11100000100000100101011
What is -7599a (base 13) in base 14?
-5766c
-38a2a (base 12) to base 7
-441652
What is -10011440 (base 5) in base 2?
-10011010010010011
What is -142561 (base 9) in base 13?
-30907
134201 (base 7) to base 4
12032021
Convert -1202111210 (base 4) to base 12.
-175118
Convert 104571 (base 11) to base 10.
167058
What is -20c73 (base 15) in base 5?
-11312213
What is 8187a (base 11) in base 15?
25629
569b0 (base 12) to base 8
341424
What is -120313210 (base 4) in base 2?
-11000110111100100
What is 333443 (base 5) in base 6?
130220
Convert 2023143 (base 5) to base 6.
412231
What is 2275125 (base 10) in base 16?
22b735
-322528a (base 11) to base 10
-5673062
Convert 138